Let z be s(5). Let n = z + -6. What is the remainder when d is divided by n?
5
Suppose -i = -3*i - 18. Let g be -102*1*3/i. Let d = 69 - g. Calculate the remainder when d is divided by 12.
11
Let v be 8 - (4 + -1 - 0). Suppose 2*z - 2*t = 10, -v*z - 3*t + 12 + 5 = 0. Suppose 6*q - 3*q = 33. What is the remainder when q is divided by z?
3
Suppose -2*z = -24 - 42. What is the remainder when 65 is divided by z?
32
Let v(y) = -y**2 + 6*y + 1. Calculate the remainder when 2/(1 + 0) - 1 is divided by v(6).
0
Let x(i) = i + 3. Let b be x(0). Suppose 4*n = 2*p + 42, 0*p - b = -n - p. Calculate the remainder when 174/8 - (-2)/8 is divided by n.
6
Let b be (1 + -10 + 1)*-1. Suppose 2*z - b = -0*z. Let o = 26 + -16. What is the remainder when o is divided by z?
2
Suppose 3*u + j - 13 = 2*j, -25 = -5*u + j. Let t be 1/(u/(-4) - -2). Suppose t*r - 19 + 3 = 0. What is the remainder when 22 is divided by r?
6
Calculate the remainder when 15*4 + (-5 - -6) is divided by 16.
13
Let q be (2 - 2)/(-3 + 1). What is the remainder when (q + 20)*10/4 is divided by 26?
24
Let h(f) = f**3 - 11*f**2 - 12*f + 13. Calculate the remainder when 23 is divided by h(12).
10
Suppose 4*s = -5 + 17. What is the remainder when 7 is divided by s?
1
Suppose 5*v = 2*y + 3*y - 15, 2*y - 10 = 0. Suppose 2*a + 1 + 7 = 4*s, 5*a - 13 = -s. What is the remainder when s is divided by v?
1
Let m(w) = w**2 + 5*w + 2. Let z be m(-5). Suppose -z*f = -3*f + 4. Suppose 3*r = -6 + 24. Calculate the remainder when r is divided by f.
2
Suppose 5*a - 2*a = 2*l + 124, 3*a + l = 118. Suppose -4*k - 34 = 6. Calculate the remainder when a is divided by 4/10 - 136/k.
12
Let t(p) = -11*p - 5. Suppose 0 = -2*m - c + 9, 4*m - 4*c + 17 = c. Calculate the remainder when t(-1) is divided by m.
0
Suppose 0 = -2*k + 3*o + 85, 4*o + 216 = 3*k + 2*k. Let h = k - 20. What is the remainder when -3*(282/9)/(-2) is divided by h?
23
Let g = 21 - 15. Suppose -2*o + g*t = 5*t - 21, 4*o + t - 51 = 0. Calculate the remainder when 4 is divided by (-14)/(-6) + 8/o.
1
Let c = -1 - -4. Suppose 0 = -d - c*d + 120. Calculate the remainder when d is divided by 11.
8
Let c = -3 - -23. What is the remainder when 59 is divided by c?
19
Suppose 3*w - 24 = 7*r - 2*r, -4*w + 3*r + 32 = 0. Calculate the remainder when w is divided by 4.
0
Suppose 4*i - 2*i - 24 = 3*n, -3*n + 3 = i. What is the remainder when 33 is divided by i?
6
What is the remainder when 17 is divided by -3 - ((-4)/(-20) + 46/(-5))?
5
Let f(h) = 5*h - 1. Let l be ((-2)/4)/((-1)/2). Suppose 0 = 6*j - 2*j - 28. What is the remainder when j is divided by f(l)?
3
Let r(j) = j**2 - j - 3. What is the remainder when r(-4) is divided by 4 + -6 + 5 + 3?
5
Let z = 0 - -1. Suppose 9*v - 34 = -16. Calculate the remainder when v is divided by z.
0
Let n(w) = 8*w**2 - w. Let c be 0 + -4*(-2)/4. Let y be n(c). Suppose -5*o + 75 = 5*x, -2*x + 6*o = o - y. Calculate the remainder when 29 is divided by x.
14
Let z be (-56)/10*(2 - 7). Calculate the remainder when ((-54)/21)/((-6)/z) is divided by 7.
5
Let r be ((-9)/6)/((-6)/8). Suppose -2*s - 3*k = -8, 5*s - 39 = -0*s + r*k. Let c(u) = -u**2 + 9*u - 1. Calculate the remainder when c(7) is divided by s.
6
Let m = -1 + 3. Suppose -m*d + 13 = 3*h - 54, 4*h = -5*d + 178. What is the remainder when d is divided by ((-1 - 3) + 2)*-5?
8
Suppose -4*j - 3*g + 29 = -2*j, 4*g + 22 = 2*j. Calculate the remainder when j is divided by 5.
3
Suppose 0*i + y = -2*i + 6, 12 = 5*i + 4*y. Let g(u) = -8*u - i + 4 + 1. Calculate the remainder when 16 is divided by g(-1).
7
Let h be (-32)/(-14) - (-4)/(-14). Calculate the remainder when 1 is divided by (-18)/(-14) - h/7.
0
Suppose -17 + 101 = 4*x - o, 42 = 2*x - 2*o. Let v = -13 + x. Calculate the remainder when 21 is divided by v.
5
Let u = -43 + 66. What is the remainder when 68 is divided by u?
22
Suppose 20 = 4*a - 76. Calculate the remainder when a is divided by 7.
3
Suppose 0*o + 4*o = 464. Suppose 0 = -2*y + 8, 3*f - 2*y = -f + o. What is the remainder when f is divided by 8?
7
Let a = 7 - 18. Let f = a + 15. Suppose f = 5*t - 16. Calculate the remainder when 7 is divided by t.
3
Suppose 0 = -k + 1, 3*l - k + 2*k = 73. What is the remainder when l is divided by 9?
6
Let x(f) be the third derivative of 0 + 1/60*f**5 + 2*f**2 + 5/6*f**3 + 0*f + 1/24*f**4. Calculate the remainder when x(5) is divided by 12.
11
Let k be 10/1*(-6)/12. Let c = k + 7. Let u = 9 + c. What is the remainder when u is divided by 4?
3
Calculate the remainder when ((-46)/(-4))/((-4)/(-8)) is divided by 13.
10
Suppose -5*o - 5*u = -o - 49, -3*u - 3 = -3*o. What is the remainder when 10 is divided by o?
4
Let z = 4 + 3. Let t(l) = -l**3 - l + 2. Suppose 7*k + 10 = 2*k. What is the remainder when t(k) is divided by z?
5
Suppose 18 = -6*z + 5*z. Let s = 83 + z. What is the remainder when s is divided by 22?
21
Suppose -v + 79 = 7*t - 2*t, -5*v + 65 = 3*t. What is the remainder when 73 is divided by t?
13
Suppose 9*y = 2*y - 287. Let d = -49 + 132. Let w = d + y. What is the remainder when w is divided by 22?
20
Suppose -2*j + 7 = -5*r - 5, -4*r = 4*j + 4. Let s be (-2)/(-8) - (-903)/(-12). What is the remainder when 37 is divided by s/(-6) - 1/r?
11
Calculate the remainder when 78 is divided by 30*10/(-45)*(-1 - 2).
18
Suppose 5*x - 5 - 30 = -3*i, -5*i - 55 = -3*x. Suppose -3*z + z + 58 = 0. Calculate the remainder when z is divided by x.
9
What is the remainder when 1 + (58/2 - -4) is divided by 9?
7
Suppose -2 + 7 = q. Let r be (0 - 2/3)*-33. Let j = r - q. Calculate the remainder when j is divided by 9.
8
Suppose 92 = k - 5*l, 6*l = 4*k + l - 443. What is the remainder when k is divided by 20?
17
Let v(z) be the first derivative of -z**4/4 + 17*z**3/3 + z**2 - 22*z - 2. Calculate the remainder when 44 is divided by v(17).
8
Suppose -15 = 14*q - 11*q. Let d(g) = -2*g + 2. Calculate the remainder when 22 is divided by d(q).
10
Let y = 2 - 4. What is the remainder when (7 - 1)*(3 + y) is divided by (-1)/4 + 34/8?
2
Suppose -5*c + 9 = -2*c + 5*y, 3 = c + 2*y. Suppose 7*f + p = 3*f + 55, c*f - 37 = -5*p. Let k(i) = -i + 26. Calculate the remainder when k(0) is divided by f.
12
Let m = 4 - -19. Suppose -m = 2*y - 2*h - 71, -120 = -5*y + 3*h. Calculate the remainder when y is divided by 13.
11
Let z = 12 + 27. Calculate the remainder when z is divided by 14.
11
Suppose 3*h - 3*b - 45 = 0, 4*b = 3*b + 2. Suppose -k - 5 = -2*k. Let g(r) = 10*r. Calculate the remainder when g(k) is divided by h.
16
Let d = -55 - -115. Suppose -5*x + 55 = -d. Suppose -2*q + 4*j - 3*j + 12 = 0, 0 = 4*q - 4*j - 16. Calculate the remainder when x is divided by q.
7
What is the remainder when (-3)/6 + (-150)/(-4) is divided by 13?
11
Suppose -2*q + 4*p - 9*p = -79, -q - 5*p = -52. Calculate the remainder when q is divided by 10.
7
Let n(v) = v**2 - 9*v - 1. Let a be n(9). Let z = a + 54. Calculate the remainder when z is divided by 14.
11
Suppose 0 = -2*l + 5*a + 11, -5*l - 3*a + 43 = -0*a. Calculate the remainder when 21 is divided by l.
5
Let d be (-93)/6 - 1/(-2). Let x = 5 - 35. Let l = d - x. What is the remainder when 44 is divided by l?
14
Let k(d) = -5*d - 25. What is the remainder when 98 is divided by k(-12)?
28
Suppose -l = -16 - 2. Let j = -11 + l. What is the remainder when j is divided by 4?
3
What is the remainder when 110/6 - 3/9 is divided by 7?
4
Suppose -4*z - 4*x + 4 = 0, 2*z + 2*x = 7*x + 23. Suppose -z*h + 9 + 135 = 0. What is the remainder when h is divided by 13?
10
Let z(l) = 2*l**3 - 2*l**2 + 4*l - 3. What is the remainder when 36 is divided by z(2)?
10
Let o(l) = l + 24. What is the remainder when 32 is divided by o(-12)?
8
Let h(y) = -4*y + 1. Let j be h(-3). Let w = 0 + j. Calculate the remainder when 25 is divided by w.
12
Suppose -3*i = -3, -3*i + 15 + 30 = 2*r. Let l = -136 - -196. What is the remainder when l is divided by r?
18
Suppose -4*r = a - 12, -5*r - 132 = -4*a - 0*a. Calculate the remainder when 19 is divided by 8/a + (-94)/(-14).
5
Let w = 3 - -10. Calculate the remainder when 24 is divided by w.
11
Suppose -4*m + 20 = 8. Suppose -3*f = -m - 6. Calculate the remainder when 3 is divided by f.
0
Let l = -3 - -11. Let p(u) = -u**3 - 5*u**2 + u - 8. Calculate the remainder when p(-6) is divided by l.
6
Let a(u) = 2*u**